{"id":1184,"date":"2026-03-15T10:49:53","date_gmt":"2026-03-15T09:49:53","guid":{"rendered":"https:\/\/le-architektur.ch\/?page_id=1184"},"modified":"2026-03-15T10:51:40","modified_gmt":"2026-03-15T09:51:40","slug":"neue-fensterfront-praz","status":"publish","type":"page","link":"https:\/\/le-architektur.ch\/index.php\/neue-fensterfront-praz\/","title":{"rendered":"NEUE FENSTERFRONT &#8211; PR\u00c4Z\u200b"},"content":{"rendered":"\t\t<div data-elementor-type=\"wp-post\" data-elementor-id=\"1184\" class=\"elementor elementor-1184\">\n\t\t\t\t<div class=\"elementor-element elementor-element-2b05b3d2 e-flex e-con-boxed e-con e-parent\" data-id=\"2b05b3d2\" data-element_type=\"container\" data-e-type=\"container\">\n\t\t\t\t\t<div class=\"e-con-inner\">\n\t\t\t\t<div class=\"elementor-element elementor-element-4c0c768b elementor-widget elementor-widget-heading\" data-id=\"4c0c768b\" data-element_type=\"widget\" data-e-type=\"widget\" data-widget_type=\"heading.default\">\n\t\t\t\t<div class=\"elementor-widget-container\">\n\t\t\t\t\t<h2 class=\"elementor-heading-title elementor-size-default\">NEUE FENSTERFRONT - PR\u00c4Z<\/h2>\t\t\t\t<\/div>\n\t\t\t\t<\/div>\n\t\t\t\t\t<\/div>\n\t\t\t\t<\/div>\n\t\t<div class=\"elementor-element elementor-element-54a1e21b e-con-full e-flex e-con e-parent\" data-id=\"54a1e21b\" data-element_type=\"container\" data-e-type=\"container\">\n\t\t<div class=\"elementor-element elementor-element-790f80c6 e-flex e-con-boxed e-con e-child\" data-id=\"790f80c6\" data-element_type=\"container\" data-e-type=\"container\">\n\t\t\t\t\t<div class=\"e-con-inner\">\n\t\t<div class=\"elementor-element elementor-element-38c755d9 e-flex e-con-boxed e-con e-child\" data-id=\"38c755d9\" data-element_type=\"container\" data-e-type=\"container\">\n\t\t\t\t\t<div class=\"e-con-inner\">\n\t\t\t\t<div class=\"elementor-element elementor-element-7d8bf09a elementor-widget elementor-widget-image\" data-id=\"7d8bf09a\" data-element_type=\"widget\" data-e-type=\"widget\" data-widget_type=\"image.default\">\n\t\t\t\t<div class=\"elementor-widget-container\">\n\t\t\t\t\t\t\t\t\t\t\t\t\t\t\t\t<a href=\"https:\/\/le-architektur.ch\/wp-content\/uploads\/2026\/03\/260301_NEU.jpg\" data-elementor-open-lightbox=\"yes\" data-elementor-lightbox-description=\"{&quot;geometryOverride&quot;:20,&quot;materialOverride&quot;:100,&quot;promptStrength&quot;:54,&quot;isInterior&quot;:true,&quot;isTurboNature&quot;:false,&quot;isAtmospheric&quot;:false,&quot;isArielView&quot;:false,&quot;isCinematic&quot;:false,&quot;isFilm&quot;:false,&quot;seed&quot;:-1,&quot;userPrompt&quot;:&quot;innenraumbild, ver\u00e4ndere das materialkonzept nicht aber verbessere die Materialien, dass so fotorealistisch sind. die stimmung soll hell und Wohnlich sein, Teppich am Boden oberfl\u00e4che verbessern, erg\u00e4nze mit wenigen Einrichtungsgegenst\u00e4nden ohne pflanzen, Personen oder decken&quot;,&quot;userNegativePrompt&quot;:&quot;&quot;,&quot;renderEngineVersion&quot;:&quot;Version 7&quot;,&quot;temperature&quot;:100}\" data-e-action-hash=\"#elementor-action%3Aaction%3Dlightbox%26settings%3DeyJpZCI6MTIxOCwidXJsIjoiaHR0cHM6XC9cL2xlLWFyY2hpdGVrdHVyLmNoXC93cC1jb250ZW50XC91cGxvYWRzXC8yMDI2XC8wM1wvMjYwMzAxX05FVS5qcGcifQ%3D%3D\">\n\t\t\t\t\t\t\t<img decoding=\"async\" src=\"https:\/\/le-architektur.ch\/wp-content\/uploads\/elementor\/thumbs\/260301_NEU-rkjf4c27hdr4g1fouw2tbl40p3ybbjbf41udm0n6m8.jpg\" title=\"260301_NEU\" alt=\"{&quot;geometryOverride&quot;:20,&quot;materialOverride&quot;:100,&quot;promptStrength&quot;:54,&quot;isInterior&quot;:true,&quot;isTurboNature&quot;:false,&quot;isAtmospheric&quot;:false,&quot;isArielView&quot;:false,&quot;isCinematic&quot;:false,&quot;isFilm&quot;:false,&quot;seed&quot;:-1,&quot;userPrompt&quot;:&quot;innenraumbild, ver\u00e4ndere das materialkonzept nicht aber verbessere die Materialien, dass so fotorealistisch sind. die stimmung soll hell und Wohnlich sein, Teppich am Boden oberfl\u00e4che verbessern, erg\u00e4nze mit wenigen Einrichtungsgegenst\u00e4nden ohne pflanzen, Personen oder decken&quot;,&quot;userNegativePrompt&quot;:&quot;&quot;,&quot;renderEngineVersion&quot;:&quot;Version 7&quot;,&quot;temperature&quot;:100}\" loading=\"lazy\" \/>\t\t\t\t\t\t\t\t<\/a>\n\t\t\t\t\t\t\t\t\t\t\t\t\t\t\t<\/div>\n\t\t\t\t<\/div>\n\t\t\t\t\t<\/div>\n\t\t\t\t<\/div>\n\t\t<div class=\"elementor-element elementor-element-41b67c6f e-con-full e-flex e-con e-child\" data-id=\"41b67c6f\" data-element_type=\"container\" data-e-type=\"container\">\n\t\t\t\t<div class=\"elementor-element elementor-element-a6ec38b elementor-widget elementor-widget-image\" data-id=\"a6ec38b\" data-element_type=\"widget\" data-e-type=\"widget\" data-widget_type=\"image.default\">\n\t\t\t\t<div class=\"elementor-widget-container\">\n\t\t\t\t\t\t\t\t\t\t\t\t\t\t\t\t<a href=\"https:\/\/le-architektur.ch\/wp-content\/uploads\/2026\/03\/2026-03-13-19-27-46-Innenraum-Architekturfotografie-2.jpg\" data-elementor-open-lightbox=\"yes\" data-e-action-hash=\"#elementor-action%3Aaction%3Dlightbox%26settings%3DeyJpZCI6MTIyMCwidXJsIjoiaHR0cHM6XC9cL2xlLWFyY2hpdGVrdHVyLmNoXC93cC1jb250ZW50XC91cGxvYWRzXC8yMDI2XC8wM1wvMjAyNi0wMy0xMy0xOS0yNy00Ni1Jbm5lbnJhdW0tQXJjaGl0ZWt0dXJmb3RvZ3JhZmllLTIuanBnIn0%3D\">\n\t\t\t\t\t\t\t<img decoding=\"async\" src=\"https:\/\/le-architektur.ch\/wp-content\/uploads\/elementor\/thumbs\/2026-03-13-19-27-46-Innenraum-Architekturfotografie-2-rkjf5pvnjlnbjdfbrzm1hqjg6j4rnht6ywf41olbgg.jpg\" title=\"2026-03-13 19-27-46 &#8211; Innenraum, Architekturfotografie-2\" alt=\"2026-03-13 19-27-46 - Innenraum, Architekturfotografie-2\" loading=\"lazy\" \/>\t\t\t\t\t\t\t\t<\/a>\n\t\t\t\t\t\t\t\t\t\t\t\t\t\t\t<\/div>\n\t\t\t\t<\/div>\n\t\t\t\t<\/div>\n\t\t\t\t\t<\/div>\n\t\t\t\t<\/div>\n\t\t<div class=\"elementor-element elementor-element-73fac8ce e-transform e-flex e-con-boxed e-con e-child\" data-id=\"73fac8ce\" data-element_type=\"container\" data-e-type=\"container\" data-settings=\"{&quot;_transform_rotateZ_effect&quot;:{&quot;unit&quot;:&quot;px&quot;,&quot;size&quot;:&quot;&quot;,&quot;sizes&quot;:[]},&quot;_transform_rotateZ_effect_tablet&quot;:{&quot;unit&quot;:&quot;deg&quot;,&quot;size&quot;:&quot;&quot;,&quot;sizes&quot;:[]},&quot;_transform_rotateZ_effect_mobile&quot;:{&quot;unit&quot;:&quot;deg&quot;,&quot;size&quot;:&quot;&quot;,&quot;sizes&quot;:[]}}\">\n\t\t\t\t\t<div class=\"e-con-inner\">\n\t\t\t\t<div class=\"elementor-element elementor-element-726f9307 elementor-widget-mobile__width-initial elementor-widget elementor-widget-image\" data-id=\"726f9307\" data-element_type=\"widget\" data-e-type=\"widget\" data-widget_type=\"image.default\">\n\t\t\t\t<div class=\"elementor-widget-container\">\n\t\t\t\t\t\t\t\t\t\t\t\t\t\t\t\t<a href=\"https:\/\/le-architektur.ch\/wp-content\/uploads\/2026\/03\/2026-03-13-19-20-32-Innenraum-Architekturfotografie-2.jpg\" data-elementor-open-lightbox=\"yes\" data-e-action-hash=\"#elementor-action%3Aaction%3Dlightbox%26settings%3DeyJpZCI6MTIxOSwidXJsIjoiaHR0cHM6XC9cL2xlLWFyY2hpdGVrdHVyLmNoXC93cC1jb250ZW50XC91cGxvYWRzXC8yMDI2XC8wM1wvMjAyNi0wMy0xMy0xOS0yMC0zMi1Jbm5lbnJhdW0tQXJjaGl0ZWt0dXJmb3RvZ3JhZmllLTIuanBnIn0%3D\">\n\t\t\t\t\t\t\t<img decoding=\"async\" src=\"https:\/\/le-architektur.ch\/wp-content\/uploads\/elementor\/thumbs\/2026-03-13-19-20-32-Innenraum-Architekturfotografie-2-rkjf4s1fhpp405d1j9jz4qwku35jhqolqcb4tzq1zs.jpg\" title=\"2026-03-13 19-20-32 &#8211; Innenraum, Architekturfotografie-2\" alt=\"2026-03-13 19-20-32 - Innenraum, Architekturfotografie-2\" loading=\"lazy\" \/>\t\t\t\t\t\t\t\t<\/a>\n\t\t\t\t\t\t\t\t\t\t\t\t\t\t\t<\/div>\n\t\t\t\t<\/div>\n\t\t\t\t\t<\/div>\n\t\t\t\t<\/div>\n\t\t\t\t<\/div>\n\t\t<div class=\"elementor-element elementor-element-11a2a933 e-flex e-con-boxed e-con e-parent\" data-id=\"11a2a933\" data-element_type=\"container\" data-e-type=\"container\">\n\t\t\t\t\t<div class=\"e-con-inner\">\n\t\t<div class=\"elementor-element elementor-element-289697f8 e-con-full e-flex e-con e-child\" data-id=\"289697f8\" data-element_type=\"container\" data-e-type=\"container\">\n\t\t\t\t<div class=\"elementor-element elementor-element-58ca58ec elementor-widget elementor-widget-spacer\" data-id=\"58ca58ec\" data-element_type=\"widget\" data-e-type=\"widget\" data-widget_type=\"spacer.default\">\n\t\t\t\t<div class=\"elementor-widget-container\">\n\t\t\t\t\t\t\t<div class=\"elementor-spacer\">\n\t\t\t<div class=\"elementor-spacer-inner\"><\/div>\n\t\t<\/div>\n\t\t\t\t\t\t<\/div>\n\t\t\t\t<\/div>\n\t\t\t\t<div class=\"elementor-element elementor-element-526cff69 elementor-widget elementor-widget-text-editor\" data-id=\"526cff69\" data-element_type=\"widget\" data-e-type=\"widget\" data-widget_type=\"text-editor.default\">\n\t\t\t\t<div class=\"elementor-widget-container\">\n\t\t\t\t\t\t\t\t\t<p>2026<\/p><p><b>Bauherrschaft:\u00a0<\/b><span style=\"font-family: var( --e-global-typography-text-font-family ), Sans-serif; font-size: var( --e-global-typography-text-font-size ); font-style: var( --e-global-typography-text-font-style ); letter-spacing: var( --e-global-typography-text-letter-spacing ); text-transform: var( --e-global-typography-text-text-transform ); word-spacing: var( --e-global-typography-text-word-spacing ); text-decoration: var( --e-global-typography-text-text-decoration ); text-align: var(--text-align); background-color: rgba(255, 255, 255, 0);\">Privat<\/span><\/p><p><b>Projektphasen:\u00a0<\/b><span style=\"font-family: var( --e-global-typography-text-font-family ), Sans-serif; font-size: var( --e-global-typography-text-font-size ); font-style: var( --e-global-typography-text-font-style ); letter-spacing: var( --e-global-typography-text-letter-spacing ); text-transform: var( --e-global-typography-text-text-transform ); word-spacing: var( --e-global-typography-text-word-spacing ); text-decoration: var( --e-global-typography-text-text-decoration ); text-align: var(--text-align); background-color: rgba(255, 255, 255, 0);\">Entwurf, Baueingabe, Ausf\u00fchrung, Umsetztung<\/span><\/p><p>Durch einen angemessenen Eingriff sollen die kleinen Fenster des bestehenden Wohnzimmers eine gewisse Gro\u00dfz\u00fcgigkeit erhalten, ohne dabei den Charme des alten B\u00fcndner Hauses wegzunehmen.<\/p>\t\t\t\t\t\t\t\t<\/div>\n\t\t\t\t<\/div>\n\t\t\t\t<\/div>\n\t\t\t\t\t<\/div>\n\t\t\t\t<\/div>\n\t\t<div class=\"elementor-element elementor-element-61f33053 e-flex e-con-boxed e-con e-parent\" data-id=\"61f33053\" data-element_type=\"container\" data-e-type=\"container\">\n\t\t\t\t\t<div class=\"e-con-inner\">\n\t\t<div class=\"elementor-element elementor-element-7bdd5def e-con-full e-flex e-con e-child\" data-id=\"7bdd5def\" data-element_type=\"container\" data-e-type=\"container\">\n\t\t\t\t<div class=\"elementor-element elementor-element-57d725c0 elementor-widget elementor-widget-image\" data-id=\"57d725c0\" data-element_type=\"widget\" data-e-type=\"widget\" data-widget_type=\"image.default\">\n\t\t\t\t<div class=\"elementor-widget-container\">\n\t\t\t\t\t\t\t\t\t\t\t\t\t\t\t\t<a href=\"https:\/\/le-architektur.ch\/wp-content\/uploads\/2026\/03\/IMG_6880-scaled.jpeg\" data-elementor-open-lightbox=\"yes\" data-e-action-hash=\"#elementor-action%3Aaction%3Dlightbox%26settings%3DeyJpZCI6MTIyMSwidXJsIjoiaHR0cHM6XC9cL2xlLWFyY2hpdGVrdHVyLmNoXC93cC1jb250ZW50XC91cGxvYWRzXC8yMDI2XC8wM1wvSU1HXzY4ODAtc2NhbGVkLmpwZWcifQ%3D%3D\">\n\t\t\t\t\t\t\t<img decoding=\"async\" src=\"https:\/\/le-architektur.ch\/wp-content\/uploads\/elementor\/thumbs\/IMG_6880-scaled-rkjf876bkv2p3ii6ypkimto9dtt1iim265dwovyv4g.jpeg\" title=\"IMG_6880\" alt=\"IMG_6880\" loading=\"lazy\" \/>\t\t\t\t\t\t\t\t<\/a>\n\t\t\t\t\t\t\t\t\t\t\t\t\t\t\t<\/div>\n\t\t\t\t<\/div>\n\t\t\t\t<\/div>\n\t\t<div class=\"elementor-element elementor-element-29c0c54b e-con-full e-flex e-con e-child\" data-id=\"29c0c54b\" data-element_type=\"container\" data-e-type=\"container\">\n\t\t\t\t<div class=\"elementor-element elementor-element-115a2f4d elementor-widget elementor-widget-image\" data-id=\"115a2f4d\" data-element_type=\"widget\" data-e-type=\"widget\" data-widget_type=\"image.default\">\n\t\t\t\t<div class=\"elementor-widget-container\">\n\t\t\t\t\t\t\t\t\t\t\t\t\t\t\t\t<a href=\"https:\/\/le-architektur.ch\/wp-content\/uploads\/2026\/03\/Bildschirmfoto-2026-03-15-um-10.50.57.png\" data-elementor-open-lightbox=\"yes\" data-e-action-hash=\"#elementor-action%3Aaction%3Dlightbox%26settings%3DeyJpZCI6MTIyMywidXJsIjoiaHR0cHM6XC9cL2xlLWFyY2hpdGVrdHVyLmNoXC93cC1jb250ZW50XC91cGxvYWRzXC8yMDI2XC8wM1wvQmlsZHNjaGlybWZvdG8tMjAyNi0wMy0xNS11bS0xMC41MC41Ny5wbmcifQ%3D%3D\">\n\t\t\t\t\t\t\t<img decoding=\"async\" src=\"https:\/\/le-architektur.ch\/wp-content\/uploads\/elementor\/thumbs\/Bildschirmfoto-2026-03-15-um-10.50.57-rkjffauf7ssotg6ths31h15mymsvo6t1tatz85fs40.png\" title=\"Bildschirmfoto 2026-03-15 um 10.50.57\" alt=\"Bildschirmfoto 2026-03-15 um 10.50.57\" loading=\"lazy\" \/>\t\t\t\t\t\t\t\t<\/a>\n\t\t\t\t\t\t\t\t\t\t\t\t\t\t\t<\/div>\n\t\t\t\t<\/div>\n\t\t\t\t<\/div>\n\t\t<div class=\"elementor-element elementor-element-22dcf789 e-con-full e-flex e-con e-child\" data-id=\"22dcf789\" data-element_type=\"container\" data-e-type=\"container\">\n\t\t\t\t<div class=\"elementor-element elementor-element-19d4f867 elementor-widget elementor-widget-image\" data-id=\"19d4f867\" data-element_type=\"widget\" data-e-type=\"widget\" data-widget_type=\"image.default\">\n\t\t\t\t<div class=\"elementor-widget-container\">\n\t\t\t\t\t\t\t\t\t\t\t\t\t\t\t\t<a href=\"https:\/\/le-architektur.ch\/wp-content\/uploads\/2026\/03\/V1-2-Kopie-scaled.jpg\" data-elementor-open-lightbox=\"yes\" data-e-action-hash=\"#elementor-action%3Aaction%3Dlightbox%26settings%3DeyJpZCI6MTIyMiwidXJsIjoiaHR0cHM6XC9cL2xlLWFyY2hpdGVrdHVyLmNoXC93cC1jb250ZW50XC91cGxvYWRzXC8yMDI2XC8wM1wvVjEtMi1Lb3BpZS1zY2FsZWQuanBnIn0%3D\">\n\t\t\t\t\t\t\t<img decoding=\"async\" src=\"https:\/\/le-architektur.ch\/wp-content\/uploads\/elementor\/thumbs\/V1-2-Kopie-scaled-rkjfbbyyczd3spyco2bqy17ko2d3671ulno6a3bmds.jpg\" title=\"V1 2 Kopie\" alt=\"V1 2 Kopie\" loading=\"lazy\" \/>\t\t\t\t\t\t\t\t<\/a>\n\t\t\t\t\t\t\t\t\t\t\t\t\t\t\t<\/div>\n\t\t\t\t<\/div>\n\t\t\t\t<\/div>\n\t\t\t\t\t<\/div>\n\t\t\t\t<\/div>\n\t\t\t\t<\/div>\n\t\t","protected":false},"excerpt":{"rendered":"<p>NEUE FENSTERFRONT &#8211; PR\u00c4Z 2026 Bauherrschaft:\u00a0Privat Projektphasen:\u00a0Entwurf, Baueingabe, Ausf\u00fchrung, Umsetztung Durch einen angemessenen Eingriff sollen die kleinen Fenster des bestehenden Wohnzimmers eine gewisse Gro\u00dfz\u00fcgigkeit erhalten, ohne dabei den Charme des alten B\u00fcndner Hauses wegzunehmen.<\/p>\n","protected":false},"author":1,"featured_media":0,"parent":0,"menu_order":0,"comment_status":"closed","ping_status":"closed","template":"","meta":{"om_disable_all_campaigns":false,"_monsterinsights_skip_tracking":false,"_monsterinsights_sitenote_active":false,"_monsterinsights_sitenote_note":"","_monsterinsights_sitenote_category":0,"_uf_show_specific_survey":0,"_uf_disable_surveys":false,"footnotes":""},"class_list":["post-1184","page","type-page","status-publish","hentry"],"aioseo_notices":[],"_links":{"self":[{"href":"https:\/\/le-architektur.ch\/index.php\/wp-json\/wp\/v2\/pages\/1184","targetHints":{"allow":["GET"]}}],"collection":[{"href":"https:\/\/le-architektur.ch\/index.php\/wp-json\/wp\/v2\/pages"}],"about":[{"href":"https:\/\/le-architektur.ch\/index.php\/wp-json\/wp\/v2\/types\/page"}],"author":[{"embeddable":true,"href":"https:\/\/le-architektur.ch\/index.php\/wp-json\/wp\/v2\/users\/1"}],"replies":[{"embeddable":true,"href":"https:\/\/le-architektur.ch\/index.php\/wp-json\/wp\/v2\/comments?post=1184"}],"version-history":[{"count":4,"href":"https:\/\/le-architektur.ch\/index.php\/wp-json\/wp\/v2\/pages\/1184\/revisions"}],"predecessor-version":[{"id":1226,"href":"https:\/\/le-architektur.ch\/index.php\/wp-json\/wp\/v2\/pages\/1184\/revisions\/1226"}],"wp:attachment":[{"href":"https:\/\/le-architektur.ch\/index.php\/wp-json\/wp\/v2\/media?parent=1184"}],"curies":[{"name":"wp","href":"https:\/\/api.w.org\/{rel}","templated":true}]}}